s 43264481 prime?
False
Is 484735361 prime?
False
Is 43694989 a composite number?
True
Is 444826951 prime?
True
Is 8781527 a composite number?
True
Is 286351787 composite?
False
Is 3953 a composite number?
True
Is 4728989 composite?
False
Is 774406 a prime number?
False
Is 238583335 composite?
True
Is 118188557 a composite number?
True
Is 8392911 a prime number?
False
Is 30689201 a composite number?
False
Is 33958349 composite?
False
Is 1554073 prime?
True
Is 5946791 prime?
False
Is 741626477 a prime number?
True
Is 12658222 prime?
False
Is 2767121 composite?
True
Is 460857742 composite?
True
Is 647837 prime?
True
Is 109819 a composite number?
False
Is 27290747 a prime number?
False
Is 328979089 composite?
True
Is 11976929 a composite number?
True
Is 4450409 a composite number?
False
Is 1520449 a prime number?
False
Is 6538309 a prime number?
True
Is 306974383 prime?
True
Is 43895099 a prime number?
False
Is 334127 composite?
False
Is 7182533 composite?
True
Is 2714843 prime?
True
Is 249219193 a composite number?
False
Is 492493 a composite number?
True
Is 854605 composite?
True
Is 1182288989 a prime number?
False
Is 18108401 prime?
True
Is 7662677 a prime number?
False
Is 1029511 composite?
True
Is 418123 a prime number?
False
Is 248911843 composite?
True
Is 5065253 composite?
False
Is 779477 composite?
False
Is 25020029 composite?
True
Is 142592603 prime?
False
Is 289542485 a prime number?
False
Is 105281929 prime?
False
Is 8939615 prime?
False
Is 5663503 a prime number?
True
Is 1416739 prime?
True
Is 184773539 a composite number?
False
Is 6778727 a composite number?
False
Is 217297937 a prime number?
False
Is 7802557 a prime number?
False
Is 311253806 a composite number?
True
Is 793681909 a prime number?
False
Is 333187 composite?
False
Is 3422063 composite?
True
Is 1623701 composite?
False
Is 151386247 composite?
False
Is 24891329 a composite number?
True
Is 187361533 composite?
False
Is 1609646 a prime number?
False
Is 6355343 composite?
True
Is 12064709 composite?
False
Is 843761 a prime number?
False
Is 4704257 composite?
True
Is 154319 prime?
False
Is 210851791 a composite number?
False
Is 81187409 prime?
False
Is 87121751 a composite number?
False
Is 196774973 composite?
False
Is 73902881 composite?
True
Is 40508849 a prime number?
False
Is 34939 composite?
False
Is 244291 a prime number?
True
Is 3877379 a composite number?
True
Is 19578511 composite?
False
Is 69079391 a prime number?
True
Is 5940037 a composite number?
False
Is 3078193 prime?
True
Is 136792919 a composite number?
False
Is 179311394 prime?
False
Is 1103302 prime?
False
Is 138055 composite?
True
Is 61176289 a prime number?
True
Is 290549 a prime number?
False
Is 69356201 a prime number?
False
Is 931993 prime?
False
Is 18272327 a composite number?
True
Is 212177057 prime?
True
Is 32831591 prime?
False
Is 30783037 composite?
False
Is 13908917 composite?
True
Is 6577647 prime?
False
Is 23076145 prime?
False
Is 63791471 a prime number?
True
Is 13516567 prime?
True
Is 36390839 a composite number?
True
Is 1876019 composite?
False
Is 327151 prime?
False
Is 27906653 prime?
False
Is 372533407 a composite number?
False
Is 9453079 prime?
True
Is 51631 a composite number?
False
Is 2991509 prime?
False
Is 353195629 a composite number?
False
Is 715479773 a composite number?
True
Is 14400131 prime?
True
Is 1602107 composite?
True
Is 992333 a prime number?
False
Is 732311 composite?
False
Is 3717829 a prime number?
False
Is 10871467 composite?
True
Is 5872739 a prime number?
True
Is 32964427 a prime number?
False
Is 66083851 a prime number?
False
Is 777199 composite?
False
Is 4310023 a composite number?
True
Is 1018085 composite?
True
Is 25346911 a composite number?
True
Is 60733 prime?
True
Is 136551958 prime?
False
Is 136040503 a prime number?
False
Is 209879069 composite?
False
Is 19522857 a prime number?
False
Is 1115899 a composite number?
False
Is 1526153 a prime number?
False
Is 44582215 a prime number?
False
Is 16786043 a composite number?
True
Is 18019091 prime?
False
Is 39588133 composite?
True
Is 33767323 prime?
True
Is 2488729 composite?
True
Is 21996679 a prime number?
False
Is 434419 a composite number?
True
Is 2522551 composite?
True
Is 2992321 a prime number?
True
Is 1938491 prime?
True
Is 21194717 prime?
False
Is 82674673 a composite number?
True
Is 12085673 prime?
True
Is 398183957 prime?
True
Is 19531 a prime number?
True
Is 71193181 a prime number?
True
Is 4111319 a composite number?
True
Is 20543263 a prime number?
False
Is 2520073 prime?
True
Is 2127887 a composite number?
False
Is 21295399 a composite number?
False
Is 72971411 a prime number?
True
Is 4665719 a prime number?
True
Is 4863671 a composite number?
False
Is 231099719 a prime number?
False
Is 68823593 a composite number?
False
Is 20741107 composite?
False
Is 271770257 a prime number?
False
Is 96414601 a composite number?
True
Is 8199179 a prime number?
True
Is 28463507 composite?
False
Is 16861711 a composite number?
True
Is 2253739199 a composite number?
False
Is 15019197 prime?
False
Is 2083153 composite?
False
Is 9956221 composite?
True
Is 46868795 a composite number?
True
Is 193886333 a prime number?
False
Is 173757967 composite?
False
Is 3836587 prime?
True
Is 35377567 composite?
False
Is 499370405 a prime number?
False
Is 78911 a composite number?
True
Is 1063067 composite?
False
Is 122255949 composite?
True
Is 38717681 a composite number?
False
Is 7047751 composite?
False
Is 253823 prime?
True
Is 12977287 prime?
True
Is 207923 a composite number?
False
Is 5906693 a composite number?
True
Is 103576105 a composite number?
True
Is 8852707 composite?
False
Is 649039 prime?
True
Is 214939 prime?
True
Is 36972953 composite?
True
Is 496998869 a prime number?
True
Is 142255543 composite?
True
Is 49895291 composite?
False
Is 87011879 a composite number?
True
Is 2305271 a composite number?
False
Is 5618542 a prime number?
False
Is 73949123 composite?
False
Is 20305709 composite?
True
Is 2872691 a prime number?
True
Is 348561461 a prime number?
True
Is 3935753 prime?
True
Is 5979581 prime?
True
Is 25793639 a composite number?
False
Is 5368369 a composite number?
False
Is 97890791 prime?
False
Is 12881782 prime?
False
Is 7958903 a composite number?
True
Is 5624317 a composite number?
False
Is 151722159 composite?
True
Is 75521683 composite?
True
Is 17227697 prime?
True
Is 15604369 composite?
True
Is 47372411 a prime number?
True
Is 4391722 prime?
False
Is 780930347 composite?
False
Is 34321 prime?
False
Is 8729573 prime?
False
Is 4631899 a prime number?
True
Is 170958317 composite?
True
Is 1202042 a composite number?
True
Is 69733361 prime?
True
Is 2731159 a prime number?
True
Is 15766369 composite?
False
Is 1391921 composite?
True
Is 18312299 composite?
True
Is 5672333 a composite number?
False
Is 744493 composite?
False
Is 7614223 prime?
True
Is 18622537 composite?
True
Is 168685873 a prime number?
True
Is 1087019 composite?
False
Is 89749547 a composite number?
True
Is 2450863 a composite number?
False
Is 21896717 a prime number?
True
Is 8174095 a prime number?
False
Is 1234837 prime?
True
Is 590479787 a composite number?
False
Is 13399499 composite?
False
Is 6596869 composite?
False
Is 67156387 composite?
False
Is 244704301 a composite number?
True
Is 77191 prime?
True
Is 3491639 composite?
False
Is 26849863 a prime number?
True
Is 36368393 a composite number?
False
Is 3211877 a composite number?
True
Is 295635089 a composite number?
True
Is 1407766 prime?
False
Is 529367 a prime number?
False
Is 3043111 a composite number?
False
Is 3371951 a prime number?
False
Is 23245811 composite?
True
Is 4446313 a composite number?
True
Is 49968407 a prime number?
False
Is 31509131 prime?
False
Is 53028071 prime?
False
Is 165797 composite?
True
Is 74612849 a composite number?
False
Is 105962929 prime?
False
Is 47538989 a prime number?
True
Is 10571741 composite?
False
Is 1576649 prime?
True
Is 3561881 composite?
False
Is 8081323 prime?
True
Is 415067953 a prime number?
True
Is 9861889 prime?
False
Is 769901 composite?
True
Is 215534577 composite?
True
Is 17257 prime?
True
Is 50323021 a prime number?
False
Is 72403453 prime?
False
Is 25780763 composite?
False
Is 540289 a prime number?
False
Is 445751 a prime nu